{"id":1675,"date":"2018-09-11T08:54:39","date_gmt":"2018-09-11T08:54:39","guid":{"rendered":"http:\/\/helvetas-ks.org\/demos\/?page_id=1675"},"modified":"2018-09-28T15:04:50","modified_gmt":"2018-09-28T15:04:50","slug":"politika","status":"publish","type":"page","link":"https:\/\/helvetas-ks.org\/demos_two\/sr\/cfare-bejme-ne\/politika\/","title":{"rendered":"POLITIKA"},"content":{"rendered":"<p>DEMOS podr\u017eava izradu zakona, politika i programa reformi radi re\u0161avanja klju\u010dnih problema za efikasnu decentralizovanu upravu.<\/p>\n<p>Tehni\u010dka pomo\u0107 \u0107e biti pru\u017eena centralnoj vladi za sprovo\u0111enje detaljnih analiza, izradu politi\u010dkih opcija, pru\u017eanje saveta o politici i koordinaciju sa Asocijacijom kosovskih op\u0161tina (AKO) i drugim zainteresovanim stranama.<\/p>\n<p>&nbsp;<\/p>\n<div class='owl-carousel owl-theme richtext-carousel'><div class='item'><img src='https:\/\/helvetas-ks.org\/demos_two\/wp-content\/uploads\/2018\/09\/DSC03029-1-520x355.jpg' alt=''><\/div><div class='item'><img src='https:\/\/helvetas-ks.org\/demos_two\/wp-content\/uploads\/2018\/09\/20150609_113707-520x355.jpg' alt=''><\/div><\/div>\n","protected":false},"excerpt":{"rendered":"<p>DEMOS podr\u017eava izradu zakona, politika i programa reformi radi re\u0161avanja klju\u010dnih problema za efikasnu decentralizovanu upravu. Tehni\u010dka pomo\u0107 \u0107e biti pru\u017eena centralnoj vladi za sprovo\u0111enje detaljnih analiza, izradu politi\u010dkih opcija, pru\u017eanje saveta o politici i koordinaciju sa Asocijacijom kosovskih op\u0161tina (AKO) i drugim zainteresovanim stranama. &nbsp;<\/p>\n","protected":false},"author":1,"featured_media":2465,"parent":1539,"menu_order":5,"comment_status":"closed","ping_status":"closed","template":"","meta":{"footnotes":""},"class_list":["post-1675","page","type-page","status-publish","has-post-thumbnail","hentry"],"_links":{"self":[{"href":"https:\/\/helvetas-ks.org\/demos_two\/sr\/wp-json\/wp\/v2\/pages\/1675\/"}],"collection":[{"href":"https:\/\/helvetas-ks.org\/demos_two\/sr\/wp-json\/wp\/v2\/pages\/"}],"about":[{"href":"https:\/\/helvetas-ks.org\/demos_two\/sr\/wp-json\/wp\/v2\/types\/page\/"}],"author":[{"embeddable":true,"href":"https:\/\/helvetas-ks.org\/demos_two\/sr\/wp-json\/wp\/v2\/users\/1\/"}],"replies":[{"embeddable":true,"href":"https:\/\/helvetas-ks.org\/demos_two\/sr\/wp-json\/wp\/v2\/comments\/?post=1675"}],"version-history":[{"count":4,"href":"https:\/\/helvetas-ks.org\/demos_two\/sr\/wp-json\/wp\/v2\/pages\/1675\/revisions\/"}],"predecessor-version":[{"id":2473,"href":"https:\/\/helvetas-ks.org\/demos_two\/sr\/wp-json\/wp\/v2\/pages\/1675\/revisions\/2473\/"}],"up":[{"embeddable":true,"href":"https:\/\/helvetas-ks.org\/demos_two\/sr\/wp-json\/wp\/v2\/pages\/1539\/"}],"wp:featuredmedia":[{"embeddable":true,"href":"https:\/\/helvetas-ks.org\/demos_two\/sr\/wp-json\/wp\/v2\/media\/2465\/"}],"wp:attachment":[{"href":"https:\/\/helvetas-ks.org\/demos_two\/sr\/wp-json\/wp\/v2\/media\/?parent=1675"}],"curies":[{"name":"wp","href":"https:\/\/api.w.org\/{rel}","templated":true}]}}

<p>DEMOS podržava izradu zakona, politika i programa reformi radi rešavanja ključnih problema za efikasnu decentralizovanu upravu.</p>
<p>Tehnička pomoć će biti pružena centralnoj vladi za sprovođenje detaljnih analiza, izradu političkih opcija, pružanje saveta o politici i koordinaciju sa Asocijacijom kosovskih opština (AKO) i drugim zainteresovanim stranama.</p>
<p>&nbsp;</p>
<div class='owl-carousel owl-theme richtext-carousel'><div class='item'><img src='https://helvetas-ks.org/demos_two/wp-content/uploads/2018/09/DSC03029-1-520x355.jpg' alt=''></div><div class='item'><img src='https://helvetas-ks.org/demos_two/wp-content/uploads/2018/09/20150609_113707-520x355.jpg' alt=''></div></div>

<p>DEMOS podržava izradu zakona, politika i programa reformi radi rešavanja ključnih problema za efikasnu decentralizovanu upravu. Tehnička pomoć će biti pružena centralnoj vladi za sprovođenje detaljnih analiza, izradu političkih opcija, pružanje saveta o politici i koordinaciju sa Asocijacijom kosovskih opština (AKO) i drugim zainteresovanim stranama. &nbsp;</p>
